 -18 - -22. Calculate m(p).
-2
Let f(m) = m**2 + 7*m - 2. Let g be ((-11)/(33/(-24)))/(-1). Determine f(g).
6
Let z(r) = r**2 + 3*r - 3. Let b(d) = -d**3 + 5*d**2 + 5*d. Let v be b(6). Give z(v).
15
Suppose -3*u + 3*v + 1 = 2*v, -4*u - 12 = -4*v. Let b(t) = 4*t**2 - 4*t + 2. Calculate b(u).
10
Let w = -3 + 6. Let c = -5 + w. Let r(b) = 3*b + 1. Determine r(c).
-5
Let p(t) be the second derivative of t**5/20 - t**4/12 - t**3/3 + t**2 + t. Let n = -10 - -9. Let c be n*(-3 - -5) + 4. Determine p(c).
2
Let u(p) be the second derivative of 5*p**3/2 + 3*p. Let i(y) = -6*y. Let j(b) = 12*i(b) + 5*u(b). Calculate j(2).
6
Let b(j) = -j**2 - 5*j - 7. Let t(g) = g**3 - 6*g**2 + 3*g + 5. Let v be t(5). Give b(v).
-7
Let i(a) = -5*a**2 + 20*a + 10. Let k(n) = n**2 - 4*n - 2. Let t = 27 + -25. Let m(c) = t*i(c) + 11*k(c). Determine m(5).
3
Let g(i) = -i**2 + 8*i + 3. Let a = -47 - -53. Determine g(a).
15
Let t be 3/(-2) + (-14)/(-4). Let m(w) = -w**3 - w**2 - 2*w + 2. What is m(t)?
-14
Let b = -4 + 7. Let z(i) be the first derivative of 2 + 3/2*i**2 - 2/3*i**b - 3*i. Give z(2).
-5
Suppose 0 = -2*u - 2*u. Let s = u + -3. Let z(i) = i**3 + 2*i**2 - 4*i - 2. Give z(s).
1
Let h be (-112)/(-42) + (-2)/(-6). Suppose 3*y = -h*y. Let n(q) = -q**3 + 8. Give n(y).
8
Let a(n) = 7*n - 123 + 131 - 3*n. What is a(-6)?
-16
Let a(t) = -2*t**2 + 2*t + 1. Let p(h) = 10 - 2*h + 3*h + 7*h - 2*h + h**2. Let i be p(-4). What is a(i)?
-3
Let s(o) = -26*o - 12. Let r(i) = -9*i - 4. Let v(t) = 17*r(t) - 6*s(t). Determine v(-4).
-8
Suppose 2*y = 2*l + 1 - 3, 6 = -y + 2*l. Let v(c) = c**2 - 8*c - 8. Let i(f) = 3*f**2 - 23*f - 23. Let k(g) = y*i(g) - 11*v(g). What is k(5)?
1
Suppose 2*u - u + 1 = 0. Let w(r) = -1. Let k(o) = -o**2 - 4*o + 4. Let y(j) = u*k(j) - 6*w(j). Determine y(-3).
-1
Let n(a) = 1 + 2*a**2 + 5*a**3 + 2*a - 2*a**3 - 2 - 2*a**3. Let h be 12/(-15)*5/2. What is n(h)?
-5
Let d be (2 + 2)*10/2. Suppose -o + 6*o = d. Let j(h) = h**2 - o - 4*h**3 + 3*h**2 + 3*h**3 - 3*h**2 + h. What is j(0)?
-4
Let c(r) = 4*r - 3*r + 1 - r - 2*r. Determine c(1).
-1
Let k(d) = 5*d**2. Let y be k(-1). Suppose 3*x = y*x + 8. Let r(v) be the second derivative of v**5/20 + v**4/6 - v**3 - v**2/2 + 47*v - 1. What is r(x)?
-9
Let s(v) be the first derivative of v**2/2 - 20. Give s(-6).
-6
Let p(m) be the third derivative of 2*m**2 + 0*m + 0 - 1/60*m**5 + 0*m**3 + 1/8*m**4. Give p(3).
0
Let d(t) = 0*t**2 - t + 0*t + 12*t**3 + t**2. Suppose 14 - 13 = z. What is d(z)?
12
Suppose 8 = 2*n - 6*n. Let o(a) = -6*a - 2. Give o(n).
10
Let a(j) = -6*j + 0 + 7*j**3 - 4 + 1. Let m(z) = -15*z**3 - z**2 + 13*z + 7. Let f(r) = -13*a(r) - 6*m(r). Let n = 82 - 76. Calculate f(n).
-3
Let k(s) = s**2 - 4. Suppose 20 = -5*l + 2*w, 7*w - 16 = 4*l + 2*w. What is k(l)?
12
Let l(n) = n**3 + 4*n**2 + n - 1. Let d = 4 + 1. Suppose -k - 12 - 2 = -d*w, 2*w = -k. What is l(k)?
-5
Let t be 1 - (-1)/(1/(-5)). Let i(n) = n**2 + 4*n + 1. Calculate i(t).
1
Let s(i) = 7*i**2 - 2*i + 7. Let g(k) = k**2 + 1. Let j(v) = -6*g(v) + s(v). Let n = -6 + 9. Suppose -3 = n*w - 6. Give j(w).
0
Let o(b) = -b - 3. Let d(y) = y + 1. Let n(k) = -2*d(k) - o(k). Suppose -4 = -4*h + 8. Calculate n(h).
-2
Let b(x) = x**3 + 4*x**2 + x + 2. Suppose 2*s + 0*s = 4. Suppose 0 = s*a - a + 13. Let f be a/4 - 18/24. Give b(f).
-2
Let f = -1 + 3. Let o(b) = 6 + 5 - f*b - 5. Let v be ((-99)/(-27) - 3)/(2/15). Determine o(v).
-4
Let b(x) = 6*x**2 + x. Let k(o) = -7*o**2 - o. Let a(c) = -4*b(c) - 3*k(c). What is a(-1)?
-2
Let p(y) = -y**2 - y - 2. Suppose 1 = -4*v + 21. Suppose -4*o + 3 = -v*o. Give p(o).
-8
Let m(p) = p - 5. Let g(s) = -2*s + 26. Let f be g(11). Give m(f).
-1
Let t(s) = 2*s - 7. Let q be t(5). Let c be (-9)/(-6) + 3/6. Let l(k) = -6 + 3 + 3 - c*k. Give l(q).
-6
Let u(d) = 2*d + 4. Suppose p - 3 = -x - 7, 0 = 4*p - 4. Determine u(x).
-6
Let l(y) be the first derivative of y**3/3 + 5*y**2/2 + y + 1. What is l(-6)?
7
Let z = -23 - -23. Suppose -5*q + 11 = x, 0*q - 3*x = 2*q + 6. Let w(n) = q + 3*n**2 + 0*n**2 - 2*n**2. Calculate w(z).
3
Let f(b) = 2*b**2 - 5 - 1 - 6*b - 3*b**2. Determine f(-4).
2
Suppose 3*k = -0*k - 12. Let l(w) = -w**3 - 4*w**2 - 3*w + 2. Calculate l(k).
14
Let f(o) = 2*o + 7. Let n be (4/6)/((-28)/(-378)). Give f(n).
25
Let r = -6 + 6. Suppose 3*h + 1 = -2, -4*w = 2*h - 6. Let l(c) = -4*c**w + 3*c**2 + 1 - 4. Determine l(r).
-3
Let i(d) = -6 + 6*d - 5*d + 7. Determine i(-8).
-7
Let k(m) be the first derivative of m**3/3 - 2*m + 3. Determine k(0).
-2
Let z(i) = 3*i**3 + 9*i**2 + 6*i - 4. Let g(s) = 10*s**3 + 28*s**2 + 19*s - 11. Let x(h) = -2*g(h) + 7*z(h). Let w = -3 - 3. What is x(w)?
6
Let u(j) be the first derivative of 5*j**3/3 - j - 2. Suppose 2*r - 5 = -3*r. Give u(r).
4
Let o(q) = q + 2. Let t(h) = h**2 - 7*h + 10. Let i be t(3). Calculate o(i).
0
Let f(a) = 2*a - 1. Let s be (-5 - -3)*1*-1. Give f(s).
3
Let t(i) = 2*i + 10. Let n be ((-2)/(-4))/(174/(-84) + 2). What is t(n)?
-4
Let h(p) be the first derivative of -p**2/2 + 17*p - 7. Calculate h(0).
17
Let p(o) be the first derivative of 2*o**3/3 - o**2 - o + 21. Calculate p(3).
11
Let i(g) = 3*g**2 + 2*g - 3. Let v(d) = -10*d**2 - 5*d + 8. Let o(m) = -7*i(m) - 2*v(m). Determine o(-6).
-7
Let o(y) = 3*y + 2. Let u be o(-1). Let a(w) = 9*w. What is a(u)?
-9
Let j(a) be the third derivative of a**8/20160 - a**6/180 + a**5/30 + 2*a**2. Let t(g) be the third derivative of j(g). Determine t(0).
-4
Let h(l) be the first derivative of 2*l**3/3 - 3*l**2 - 5*l + 5. Let w(p) = -3*p**2 + 12*p + 9. Let c(i) = -5*h(i) - 3*w(i). Calculate c(-6).
-2
Let x(p) = p**2 - 4*p - 3. Suppose 4*l = -4 + 20. Give x(l).
-3
Let d be (-1 - 0)*-2 - 0. Suppose 3*f - 18 = -6. Let j(x) = -3 + 2*x + 4 + 2*x**3 - f*x**2 - x**3. Calculate j(d).
-3
Let r(s) be the third derivative of s**4/24 - 5*s**3/6 + 2*s**2. Calculate r(-5).
-10
Let j(x) = 8*x + 0*x - 3*x + 1. Suppose -7*i - 13 = -20. Determine j(i).
6
Let o(h) = 5*h**3 - 4*h**2 + 4*h + 1. Let t(b) = b**3 + b**2 + b. Let f(r) = o(r) - 4*t(r). Determine f(8).
1
Let l = -11 - -7. Let n(a) = a**3 + 3*a**2 - 4*a + 3. Give n(l).
3
Suppose 8 = l - 4*w + 5*w, 0 = -l + 3*w - 4. Let m(n) be the first derivative of 1/2*n**2 + n - 3. Give m(l).
6
Let m(b) = -2*b - b**3 + 5*b**2 + 0*b + 2 + 3 + 0*b. Determine m(5).
-5
Let c(h) = -2*h**2 - 4*h - 3. Suppose 3*d + 42 - 36 = 0. What is c(d)?
-3
Let w(q) = -2*q + 7*q**2 + 3*q - 4*q + 2*q. Determine w(-1).
8
Let d be ((-9)/3)/3 - 2. Let a(j) = j**3 + 3*j**2 + 2. Calculate a(d).
2
Let g(v) be the second derivative of -v**5/60 - v**4/8 - v**3/3 - 3*v**2/2 - 3*v. Let i(n) be the first derivative of g(n). What is i(-4)?
-6
Let z(w) be the second derivative of 1/2*w**4 + 0 - 5*w + 1/20*w**5 - 3*w**2 + 1/2*w**3. Determine z(-5).
4
Suppose -3*p - 16 = 5*p. Let q(y) = 5*y**2 - 2*y - 2. Determine q(p).
22
Let c(z) = -z**3 + z**2 - 2*z - 1. Suppose -3*r + 2*v + 2 + 6 = 0, 4*r + 2*v = 6. Give c(r).
-9
Let q be -8 + 0/2 + 0. Let c(h) = -2*h**3 + 7*h**2 - 6*h + 6. Let p(y) = -5*y**3 + 20*y**2 - 17*y + 17. Let v(z) = q*c(z) + 3*p(z). Give v(-5).
-7
Let k(f) be the first derivative of -2*f**2 + f - 1. Let u(m) be the third derivative of -m**4/24 - 2*m**2. Let d(s) = k(s) - 3*u(s). Give d(4).
-3
Let o(g) = -g + 12. Let n(t) = -2*t + 23. Let p(v) = 3*n(v) - 5*o(v). Determine p(0).
9
Let a(z) = z**3 + 6*z**2 + 6*z - 3. Let n be ((-12)/15)/((-2)/60). Suppose 0*f + 3*f = n. Suppose -d = f - 3. What is a(d)?
-8
Let a(q) = 3*q. Let t(j) = j. Let v(c) = 3*a(c) - 8*t(c). Suppose 6 = -5*k - 14. What is v(k)?
-4
Let k = 4 + -2. Let x(u) = 6*u**3 + 41*u**k - 41*u**2 - u. Determine x(1).
5
Let y(u) be the third derivative of -u**6/120 - u**5/12 - u**4/4 - u**3/2 - 36*u**2. What is y(-4)?
5
Let n(b) be the third derivative of -b**4/24 - b**3/3 - b**2. Suppose -2*p + 8 = 2*p. Let a = -2 + p. What is n(a)?
-2
Let l(t) = -3*t**2 + t**3 - 1 + 7 + 2*t**2 - t. Suppose 0 = 5*a - 5*u - 3 + 18, 5*a + 2*u = 6. Give l(a).
6
Let i(z) = -z**2 - 9*z - 9. Let o be i(-7). Suppose 0*l - 10 = o*l. Let v(u) = -2*u**2 - 3*u - 1. Give v(l).
-3
Let v(t) = t - 5. Let p = 28 - 34. Give v(p).
-11
Let c(g) be the second derivative of -g**3/6 + 3*g**2/2 - g - 13. What is c(6)?
-3
Let i = 22 - 20. Let q(z) = 2*z + 2. Calculate q(i).
6
Let l(f) = -f**2 - 8*f - 1. Let v(i